{"id":238,"date":"2025-06-06T12:29:41","date_gmt":"2025-06-06T10:29:41","guid":{"rendered":"https:\/\/ml.mestisanes.com\/?page_id=238"},"modified":"2025-06-06T12:29:41","modified_gmt":"2025-06-06T10:29:41","slug":"cgu-cgv","status":"publish","type":"page","link":"https:\/\/ml.gongonneur.com\/index.php\/cgu-cgv\/","title":{"rendered":"CGU\/CGV"},"content":{"rendered":"\n<p class=\"has-black-color has-text-color has-link-color wp-elements-dce010cc46ef96a976e6c43a51c4c941\">AVERTISSEMENTS&nbsp;: <br>Ce site est une plateforme de mise en relation entre un Annonceur (Vendeur) et un Int\u00e9ress\u00e9 (Acheteur), ou entre un loueur et un locataire. <br>Nous ne sommes pas responsable du contenu et de l\u2019annonce publi\u00e9s sur notre site. L\u2019Int\u00e9ress\u00e9 (Acheteur) est tenu de rester vigilant \u00e0 tout point de vue afin d\u2019\u00e9viter toute arnaque.<\/p>\n\n\n\n<p class=\"has-vivid-red-color has-text-color has-link-color wp-elements-6350c661db7abcd98b9dd89de28a79b1\"><strong>Nous n\u2019arbitrons aucun conflit entre Annonceur et Int\u00e9ress\u00e9.<br>Nous ne sommes pas responsables du contenu et de l\u2019annonce publi\u00e9s.<\/strong><\/p>\n\n\n\n<p class=\"has-vivid-red-color has-text-color has-link-color has-medium-font-size wp-elements-5e8cd9348b9ff703cb03e610efc7779e\"><strong><em>Cette plateforme gongonneur.com est 100 % gratuite !<\/em><\/strong><\/p>\n\n\n\n<p class=\"has-black-color has-text-color has-link-color wp-elements-b139784ea1a7256dbe81cc894af2ae40\">**&nbsp;CONDITIONS G\u00c9N\u00c9RALES DE VENTE ET D&rsquo;UTILISATION**<\/p>\n\n\n\n<p class=\"has-black-color has-text-color has-link-color wp-elements-fd614b3eeed7f39a484a2556d693645e\">Bienvenue sur https:\/\/gongonneur.com. En acc\u00e9dant et en utilisant notre plateforme de petites annonces, vous acceptez sans r\u00e9serve les pr\u00e9sentes Conditions G\u00e9n\u00e9rales de Vente et d\u2019Utilisation (CGVU). Veuillez les lire attentivement.<\/p>\n\n\n\n<hr class=\"wp-block-separator has-alpha-channel-opacity\"\/>\n\n\n\n<h3 class=\"wp-block-heading has-black-color has-text-color has-link-color wp-elements-116182318a94877e078f096108d76736\">1. Objet<\/h3>\n\n\n\n<p class=\"has-black-color has-text-color has-link-color wp-elements-cbe89c6b1db6d645e42e913d82d99ee1\">Les pr\u00e9sentes CGVU ont pour objet de d\u00e9finir les conditions dans lesquelles les utilisateurs peuvent acc\u00e9der au site, publier des annonces, acheter, louer ou vendre des biens et services. Tout utilisateur de ce site doit se conformer \u00e0 ces conditions de vente et d\u2019utilisation. Tout utilisateur est r\u00e9put\u00e9 \u00eatre majeur \u00e0 la date de publication de son annonce.<br>Ce site est la propri\u00e9t\u00e9 exclusive de la soci\u00e9t\u00e9 JE SAIS TOUT sp\u00e9cialis\u00e9e dans les petites-annonces et la publicit\u00e9 en ligne<\/p>\n\n\n\n<h3 class=\"wp-block-heading has-black-color has-text-color has-link-color wp-elements-e1864ca21b627700823576bfd8c5c13b\">2. Acc\u00e8s au service<\/h3>\n\n\n\n<p class=\"has-black-color has-text-color has-link-color wp-elements-5c577bef76b075969c0c9e38cfa1da09\">Le site est accessible gratuitement \u00e0 tout utilisateur majeur disposant d\u2019un acc\u00e8s \u00e0 internet. Certaines fonctionnalit\u00e9s peuvent n\u00e9cessiter la cr\u00e9ation d\u2019un compte.<\/p>\n\n\n\n<h3 class=\"wp-block-heading has-black-color has-text-color has-link-color wp-elements-1af9d5c035a5348b4f14ff8587857b2b\">3. Inscription et compte utilisateur<\/h3>\n\n\n\n<p class=\"has-black-color has-text-color has-link-color wp-elements-54426242bcdf70b9e12ec2b0a0b2fc19\">L\u2019utilisateur s\u2019engage \u00e0 fournir des informations exactes lors de l\u2019inscription. Il est responsable de la confidentialit\u00e9 de son mot de passe et de toutes les activit\u00e9s effectu\u00e9es via son compte.<\/p>\n\n\n\n<h3 class=\"wp-block-heading has-black-color has-text-color has-link-color wp-elements-2f41dbc8dc16e98f59c4f3bbf80de154\">4. Annonces interdites<\/h3>\n\n\n\n<p class=\"has-black-color has-text-color has-link-color wp-elements-bcfe8e53344a24ec72167f00bb9a1457\">Types d&rsquo;annonces de produits, biens et services interdits sur notre Site :<br>\u2013 Produits, accessoires, contenus et services destin\u00e9s aux adultes&nbsp;;<br>\u2013 Offres proposant de mani\u00e8re directe ou indirecte des services\/pratiques tendancieuses ;<br>\u2013 Jeux d\u2019argent et de hasard (ex : tickets de loterie, pari aff\u00e9rent \u00e0 une annonce \u2026)&nbsp;;<br>\u2013 M\u00e9dicaments, parapharmacie, cosm\u00e9tiques ;<br>\u2013 Produits pr\u00e9sent\u00e9s comme \u00e9tant miraculeux ;<br>\u2013 Produits amincissants et compl\u00e9ments alimentaires&nbsp;;<br>\u2013 Dons et services financiers<br>\u2013 Appel aux dons financiers priv\u00e9s ou \u00e0 but humanitaire ;<br>\u2013 Produits &amp; services dangereux ;<br>\u2013 Tabac, drogues, objets associ\u00e9s et assimil\u00e9s ;<br>\u2013 Substances dangereuses et illicites ;<br>\u2013 Armes blanches de combat ou d\u2019autod\u00e9fense, armes \u00e0 feu, explosifs, pi\u00e8ges de chasse. Etc<br>\u2013 Tenues militaires et assimil\u00e9es, insignes et m\u00e9dailles officielles ou tout autre produit propre \u00e0 une Corporation de l\u2019\u00c9tat,<br>\u2013 Esp\u00e8ces, certaines parties ou produits d\u00e9riv\u00e9s d\u2019esp\u00e8ces sauvages menac\u00e9es et\/ou prot\u00e9g\u00e9es, comme l\u2019ivoire, etc ;<br>\u2013 Maraboutage, tarot divinatoire, toute divination, voyance &amp; medium, portefeuille magique, poup\u00e9e hant\u00e9e, statuette \u00e0 pouvoir magique, objet pr\u00e9sent\u00e9 comme dot\u00e9 de vertus surnaturelles, etc ;<br>\u2013 Avis de recherche d\u2019une personne ;<br>\u2013 Tout produit contrefait est strictement prohib\u00e9 ;<br>(cette liste est non exhaustive)<\/p>\n\n\n\n<h3 class=\"wp-block-heading has-black-color has-text-color has-link-color wp-elements-3fb7c2a7df55a363b2900eb51df7aff7\">5. Publication d\u2019annonces<\/h3>\n\n\n\n<p class=\"has-black-color has-text-color has-link-color\">5.1 &#8211; Charte de bonne conduite<\/p>\n\n\n\n<p class=\"has-black-color has-text-color has-link-color wp-elements-9ab3bfbdeb176a72699696d96e4edf1d\">L\u2019utilisateur peut publier des annonces respectant la l\u00e9gislation en vigueur et les r\u00e8gles du site.<\/p>\n\n\n\n<ul class=\"wp-block-list\">\n<li class=\"has-black-color has-text-color has-link-color wp-elements-6781467ed073f30ad6b2d6ad8b01ab42\">Les annonces doivent \u00eatre claires, sinc\u00e8res et ne pas contenir de contenu illicite, trompeur ou offensant.<\/li>\n\n\n\n<li class=\"has-black-color has-text-color has-link-color wp-elements-bdb1becf1baaa5a95985516bc08b8e92\">Eviter les expressions comme URGENT URGENT, etc<\/li>\n\n\n\n<li class=\"has-black-color has-text-color has-link-color wp-elements-2365a9be6f265a2291b161a159d6aea4\">Les Annonces doivent \u00eatre r\u00e9dig\u00e9es en langue officielle du pays (fran\u00e7ais ou anglais). Lorsqu&rsquo;un terme \u00e9tranger ne peut trouver son \u00e9quivalent en langue officiel du pays (fran\u00e7ais ou anglais selon le cas), il doit \u00eatre circonscrit d&rsquo;une mani\u00e8re assez pr\u00e9cise pour ne pas induire en erreur l&rsquo;utilisateur du Site ;<\/li>\n\n\n\n<li class=\"has-black-color has-text-color has-link-color wp-elements-1eb7e450f0f0564880a7f188dc44f2c1\">Le texte de l&rsquo;Annonce doit imp\u00e9rativement d\u00e9crire le produit\/bien\/service de l&rsquo;Annonce ;<\/li>\n\n\n\n<li class=\"has-black-color has-text-color has-link-color wp-elements-0b956e6053cd12aaee181daa69c8aa3d\">Les photographies ins\u00e9r\u00e9es doivent repr\u00e9senter le bien \u00e0 vendre et ne peuvent \u00eatre utilis\u00e9es pour illustrer plusieurs annonces ;<\/li>\n\n\n\n<li class=\"has-black-color has-text-color has-link-color wp-elements-42d52b39c27a782e6d24ddcc46338d13\">Toute Annonce ins\u00e9r\u00e9e au profit d&rsquo;un&nbsp;professionnel&nbsp;faisant une offre de vente, de services ou destin\u00e9e \u00e0 faire conna\u00eetre son activit\u00e9 doit obligatoirement comporter le num\u00e9ro de Registre de Commerce et\/ou de M\u00e9tier (la d\u00e9nomination peut diff\u00e9rer d\u2019un pays \u00e0 l\u2019autre) du professionnel en question en cours de validit\u00e9 ;<\/li>\n\n\n\n<li class=\"has-black-color has-text-color has-link-color wp-elements-1a755f3d833dcc343a5b8f49dc662371\">Indication des prix ; Vous devez indiquer le prix total en FCFA du bien dans le champ \u00ab&nbsp;Price&nbsp;\u00bb sauf dans les annonces de demande d&#8217;emploi.<\/li>\n\n\n\n<li class=\"has-black-color has-text-color has-link-color wp-elements-481a488fb867c933482651d7ea89356a\">Toute annonce donne droit 3 photos gratuites au maximum pour toutes les cat\u00e9gories.<\/li>\n<\/ul>\n\n\n\n<p class=\"has-black-color has-text-color has-link-color wp-elements-811b7d79c50408449c5a82f54bdd7b94\">5.2 &#8211; Interdictions g\u00e9n\u00e9rales<\/p>\n\n\n\n<ul class=\"wp-block-list\">\n<li class=\"has-black-color has-text-color has-link-color wp-elements-81423db1b78dff1511d63359299990d3\">Il est interdit de d\u00e9poser une Annonce :<\/li>\n\n\n\n<li class=\"has-black-color has-text-color has-link-color wp-elements-4f88a42426112e1bba955e4d24ef9515\">qui ne respecte pas les bonnes r\u00e8gles de bonne moralit\u00e9, de bonne conduite et de civisme&nbsp;;Comportant des termes ou des descriptions sans lien avec le contenu propos\u00e9 ;<\/li>\n\n\n\n<li class=\"has-black-color has-text-color has-link-color wp-elements-d15166211114fb54b1dec45e9c0e7963\">Dirigeant directement ou indirectement vers un site autre que le n\u00f4tre ;<\/li>\n\n\n\n<li class=\"has-black-color has-text-color has-link-color wp-elements-dc0cc1f9c82de79c280073d7fc1ae0ed\">Comportant une adresse mail et\/ou num\u00e9ro de t\u00e9l\u00e9phone dans le descriptif et\/ou titre ;<\/li>\n\n\n\n<li class=\"has-black-color has-text-color has-link-color wp-elements-5d1955c4a0f18e17b9c0bf3139a993e3\">\u00c0 caract\u00e8re politique, raciste, x\u00e9nophobe, injurieux, sexiste, incitation \u00e0 la haine et violence, portant attente \u00e0 l\u2019ordre public ou \u00e0 la dignit\u00e9 humaine, etc<\/li>\n\n\n\n<li class=\"has-black-color has-text-color has-link-color wp-elements-e67ecc9c6ce7f351183ad73c0c5b7275\">\u00c0 caract\u00e8re promotionnel et\/ou publicitaire.<\/li>\n\n\n\n<li class=\"has-black-color has-text-color has-link-color wp-elements-37ef6f2a1773792b8dc4290350bc0dbe\">de proposer simultan\u00e9ment plusieurs fois la m\u00eame Annonce sur le Site (dans plusieurs cat\u00e9gories).<\/li>\n<\/ul>\n\n\n\n<p class=\"has-black-color has-text-color has-link-color wp-elements-105096ebcd9fc9362ca2cd1e3aa2b37e\">Malgr\u00e9 la vigilance de notre \u00e9quipe de mod\u00e9ration, c\u2019est possible que certaines annonces nous \u00e9chappent&nbsp;; donc veuillez nous signaler toute Annonce qui vous para\u00eet inappropri\u00e9e ou contraire \u00e0 nos r\u00e8gles, https:\/\/gongonneur.com vous permet de la signaler facilement en cliquant sur le bouton \u00abSignaler l\u2019annonce\u00bb disponible sur chaque page de l\u2019Annonce concern\u00e9e. Aidez-nous \u00e0 mieux vous prot\u00e9ger&nbsp;!<\/p>\n\n\n\n<p class=\"has-black-color has-text-color has-link-color wp-elements-678d1160118d2c1b3039f586e71df0bd\">Toute Annonce port\u00e9e \u00e0 notre connaissance ne respectant pas ces r\u00e8gles et\/ou celles \u00e9nonc\u00e9es dans notre&nbsp;Charte de bonne conduite&nbsp;sera d\u00e9r\u00e9f\u00e9renc\u00e9e du Site.<br>Note : assurez-vous de pr\u00e9ciser le motif de votre signalement. Ces d\u00e9tails nous seront utiles pour contextualiser votre demande et la traiter le plus rapidement possible.<\/p>\n\n\n\n<p class=\"has-black-color has-text-color has-link-color wp-elements-08ad89b67239d99426296e958429905b\">5.3 &#8211; Cat\u00e9gorie et localisation de l\u2019Annonce<\/p>\n\n\n\n<ul class=\"wp-block-list\">\n<li class=\"has-black-color has-text-color has-link-color wp-elements-15cb9bb4026609d6e7b3c411a00ef8d5\">L\u2019Annonce doit \u00eatre d\u00e9pos\u00e9e dans une cat\u00e9gorie correspondant \u00e0 l\u2019objet de l\u2019annonce ;<\/li>\n\n\n\n<li class=\"has-black-color has-text-color has-link-color wp-elements-1726b40dc9c1d7f352921467e0bcdbe9\">L&rsquo;Annonce d&rsquo;un bien \u00e0 vendre doit \u00eatre d\u00e9pos\u00e9e dans le d\u00e9partement ou la commune (selon la d\u00e9nomination locale) o\u00f9 le bien est localis\u00e9 ;<\/li>\n<\/ul>\n\n\n\n<h3 class=\"wp-block-heading has-black-color has-text-color has-link-color wp-elements-b3248c00791a742849bcbfe29de9554e\">6. Responsabilit\u00e9s<\/h3>\n\n\n\n<p class=\"has-black-color has-text-color has-link-color wp-elements-0041aa8ab22b2a5d6285ad405199e701\">https:\/\/gongonneur.com agit comme interm\u00e9diaire et ne peut \u00eatre tenu responsable du contenu des annonces, ni des transactions entre utilisateurs. Chaque utilisateur est responsable de ses \u00e9changes, de ses engagements et de sa s\u00e9curit\u00e9.<\/p>\n\n\n\n<h3 class=\"wp-block-heading has-black-color has-text-color has-link-color wp-elements-559c84f75e933bf4d821bc9653769f69\">7. Suspension ou suppression de compte<\/h3>\n\n\n\n<p class=\"has-black-color has-text-color has-link-color wp-elements-f80930599145b95b9584cb06505426a9\">En cas de non-respect des pr\u00e9sentes CGVU, https:\/\/gongonneur.com se r\u00e9serve le droit de suspendre ou supprimer un compte utilisateur sans pr\u00e9avis.<\/p>\n\n\n\n<h3 class=\"wp-block-heading has-black-color has-text-color has-link-color wp-elements-2aa7ce388b8162bbc6a7fa7d3601779d\">8. Donn\u00e9es personnelles<\/h3>\n\n\n\n<p class=\"has-black-color has-text-color has-link-color wp-elements-d16cac30a3964ac1cd4c18c77a6fba05\">Les donn\u00e9es collect\u00e9es sont utilis\u00e9es uniquement dans le cadre du service et trait\u00e9es conform\u00e9ment \u00e0 notre Politique de confidentialit\u00e9.<\/p>\n\n\n\n<h3 class=\"wp-block-heading has-black-color has-text-color has-link-color wp-elements-02693393086bb07682bef0b82cce2ac2\">9. Propri\u00e9t\u00e9 intellectuelle<\/h3>\n\n\n\n<p class=\"has-black-color has-text-color has-link-color wp-elements-ed866027495afc0c4fdfa37b7668bb46\">Tous les contenus (textes, images, logos, etc.) pr\u00e9sents sur le site sont prot\u00e9g\u00e9s et ne peuvent \u00eatre r\u00e9utilis\u00e9s sans autorisation \u00e9crite pr\u00e9alable.<\/p>\n\n\n\n<h3 class=\"wp-block-heading has-black-color has-text-color has-link-color wp-elements-bcc4221a5b4e0131aaaf2dd3c99925de\">10. Modification des CGVU<\/h3>\n\n\n\n<p class=\"has-black-color has-text-color has-link-color wp-elements-9b18ccd5d1d24ade65998836d0deed0e\">https:\/\/gongonneur.com se r\u00e9serve le droit de modifier les pr\u00e9sentes CGVU \u00e0 tout moment. Les utilisateurs seront inform\u00e9s des modifications par email ou via le site.<\/p>\n\n\n\n<h3 class=\"wp-block-heading has-black-color has-text-color has-link-color wp-elements-29932d238e0663e1bfb5c14a07774a77\">11. Droit applicable<\/h3>\n\n\n\n<p class=\"has-black-color has-text-color has-link-color wp-elements-7fa54eafa400e0ec6f2cd33b7e1efa4e\">En cas de litige, les tribunaux comp\u00e9tents seront ceux du ressort du si\u00e8ge social de https:\/\/gongonneur.com<\/p>\n\n\n\n<p class=\"has-black-color has-text-color has-link-color wp-elements-6533ad404cb4a95a2ef487794090fe57\">Derni\u00e8re mise \u00e0 jour : 19\/07\/2025<\/p>\n\n\n\n<p><\/p>\n","protected":false},"excerpt":{"rendered":"<p>AVERTISSEMENTS&nbsp;: Ce site est une plateforme de mise en relation entre un Annonceur (Vendeur) et un Int\u00e9ress\u00e9 (Acheteur), ou entre un loueur et un locataire. Nous ne sommes pas responsable du contenu et de l\u2019annonce publi\u00e9s sur notre site. L\u2019Int\u00e9ress\u00e9 (Acheteur) est tenu de rester vigilant \u00e0 tout point de vue afin d\u2019\u00e9viter toute arnaque. [&hellip;]<\/p>\n","protected":false},"author":1,"featured_media":0,"parent":0,"menu_order":0,"comment_status":"closed","ping_status":"closed","template":"","meta":{"slim_seo":{"title":"CGU\/CGV - Petites-Annonces-MALI","description":"AVERTISSEMENTS&nbsp;: Ce site est une plateforme de mise en relation entre un Annonceur (Vendeur) et un Int\u00e9ress\u00e9 (Acheteur), ou entre un loueur et un locataire"},"footnotes":""},"class_list":["post-238","page","type-page","status-publish","hentry"],"_links":{"self":[{"href":"https:\/\/ml.gongonneur.com\/index.php\/wp-json\/wp\/v2\/pages\/238","targetHints":{"allow":["GET"]}}],"collection":[{"href":"https:\/\/ml.gongonneur.com\/index.php\/wp-json\/wp\/v2\/pages"}],"about":[{"href":"https:\/\/ml.gongonneur.com\/index.php\/wp-json\/wp\/v2\/types\/page"}],"author":[{"embeddable":true,"href":"https:\/\/ml.gongonneur.com\/index.php\/wp-json\/wp\/v2\/users\/1"}],"replies":[{"embeddable":true,"href":"https:\/\/ml.gongonneur.com\/index.php\/wp-json\/wp\/v2\/comments?post=238"}],"version-history":[{"count":0,"href":"https:\/\/ml.gongonneur.com\/index.php\/wp-json\/wp\/v2\/pages\/238\/revisions"}],"wp:attachment":[{"href":"https:\/\/ml.gongonneur.com\/index.php\/wp-json\/wp\/v2\/media?parent=238"}],"curies":[{"name":"wp","href":"https:\/\/api.w.org\/{rel}","templated":true}]}}